= 7. Calculate the greatest common divisor of d and a.
11
Let o be 4/(-14) - (-46)/14. Suppose -n = n + z - 7, -o*n - 5*z = -14. Let m = 12 + n. What is the highest common divisor of m and 10?
5
Let h be (-1630)/(-60) + 1/(-6). Calculate the highest common factor of h and 243.
27
Let i = 5 + -11. Let v be 54*(1 + 3/i). Suppose 0 = -0*p + 3*p - v. Calculate the highest common factor of p and 9.
9
Suppose m = -3*m + 108. Let o be 1/2*(-12)/(-6). Let r(b) = 10*b - 1. Let d be r(o). What is the greatest common factor of m and d?
9
Let j = 87 - 55. What is the highest common factor of j and 56?
8
Let h = -153 + 218. Let n = h - 45. Suppose -n = t - 6*t. What is the greatest common divisor of 1 and t?
1
Let t = 46 - 12. Calculate the greatest common divisor of t and 85.
17
Suppose 14*o - 10*o - 60 = 0. Let u be 0 - 14/4*-2. Let s be (-4)/(-14) - (-103)/u. What is the greatest common factor of s and o?
15
Let x be 0 - 0 - (-2 + 0). Let u be (1 + 0)/(2/34). Suppose -4*q + v = -9, -3*q - 5 = v - u. What is the greatest common factor of x and q?
1
Suppose -r - 3 = -9. Let t = -2 - -51. Suppose -11 = -5*i + t. What is the highest common factor of i and r?
6
Let p = 20 - 10. Let m be p/(-4)*(-136)/20. Calculate the highest common factor of 68 and m.
17
Suppose -3*g - 3*x = 6 + 9, -5*g = 3*x + 33. Let l(c) = -12*c + 12. Let n be l(g). Calculate the highest common divisor of 15 and n.
15
Let c(h) = h - 3. Let w be c(3). Let n = w + 3. Suppose -n*x - 56 = -4*x. What is the highest common divisor of x and 7?
7
Let p = -42 + 80. Let u(q) be the third derivative of q**4 - q**3/6 + q**2. Let j be u(4). Calculate the greatest common divisor of j and p.
19
Suppose -132 = -u + 218. Calculate the greatest common factor of 50 and u.
50
Let q(c) = c**2 - c + 7. Suppose 2*p - 5*u + 13 = 1, -3*p = 2*u - 20. Suppose p*w - w = 0. Let t be q(w). What is the greatest common divisor of 7 and t?
7
Suppose -z = -4*z. Suppose -4*c - 18 + 2 = z. Let p = c - -6. Calculate the greatest common divisor of 22 and p.
2
Let x be (-8)/(-10) - 530/(-25). Suppose -2*t - f + 112 = -93, 0 = -t - f + 100. Suppose 5*h - t = 60. Calculate the highest common factor of h and x.
11
Let k(h) = -h**3 - h**2 - h - 1. Let u = 26 + -28. Let c be k(u). Let x(r) = 8*r - 5. Let b be x(5). Calculate the greatest common divisor of b and c.
5
Suppose y - 4 = -y. Let x be 40/28 - (-4)/7. Let l be (-35)/(-14) + (-1)/x. What is the greatest common divisor of l and y?
2
Let a(y) = -3*y**3 - 19*y**2 - 8*y - 4. Let k be a(-6). What is the greatest common factor of k and 184?
8
Suppose 2 = 3*g - m - 1, -3*g - 4*m + 3 = 0. Calculate the highest common factor of g and 5.
1
Suppose 8*j = 52 + 60. What is the greatest common divisor of j and 28?
14
Suppose -p - 4*z - 13 = 0, 2*p + 0*p - 3*z - 18 = 0. Calculate the highest common factor of p and 12.
3
Let g = -74 - -153. Let j = g - 19. Calculate the greatest common divisor of j and 24.
12
Suppose -9*o = -7*o - 4. Suppose 0 = -u - 4*b - 5, 2*b + 4 = -o. What is the highest common factor of 28 and u?
7
Let g = 8 + -3. What is the greatest common divisor of g and 1?
1
Let q = 14 + 22. Calculate the greatest common divisor of 4 and q.
4
Let s be 3 - (-18)/(-2)*2/(-2). Calculate the greatest common divisor of 9 and s.
3
Let k = -23 - -95. What is the greatest common divisor of k and 8?
8
Let v(d) = -4*d**3 - 4*d**2 - 12. Let j be v(-4). Calculate the greatest common factor of j and 72.
36
Let o = -3 - -27. Suppose 3*a - a + 1 = -3*s, 2*a = s - 5. Let i be 1/a - (-25)/2. What is the greatest common divisor of o and i?
12
Suppose 25 + 47 = -4*u. Let f be (-382)/(-18) - (-4)/u. Let c(n) = -n + 8. Let w be c(-6). Calculate the greatest common divisor of f and w.
7
Let c be (-2)/(((-2)/(-1))/(-6)). Let i = c - 4. Let u = 4 - i. Calculate the greatest common divisor of 16 and u.
2
Suppose 2*n = -2, -2*n - 30 = -5*h - 7*n. Let v be (-110)/(-4) + (-1)/(-2). Calculate the greatest common divisor of v and h.
7
Let j(o) = -o - 7. Let q be j(-4). Let s = q - -5. Let n(k) = 2*k + 1. Let x be n(1). Calculate the greatest common divisor of s and x.
1
Suppose 1 - 29 = -4*y. Calculate the greatest common divisor of y and 21.
7
Let r = -20 - -38. What is the greatest common factor of r and 2?
2
Let y = -1 - -9. Calculate the highest common factor of y and 8.
8
Let v = 6 - -2. Calculate the highest common factor of v and 2.
2
Let z(v) = 2*v - 12. Let l(h) = -1. Let i(d) = -3*l(d) + z(d). Let b be i(6). Let f(q) = q - 2. Let k be f(b). Calculate the highest common factor of 3 and k.
1
Let z = -5 - -9. Let t = 6 - z. Let r be (0 + t*-1)*-24. Calculate the highest common divisor of 12 and r.
12
Suppose -260 = -5*m - l - 4*l, 0 = -l + 4. Let u = -1 - -3. Let y be 2*1/u + 5. What is the greatest common factor of y and m?
6
Let j be ((-4)/6)/(2/(-21)). Let d = 94 - 38. What is the greatest common factor of j and d?
7
Let v be (-376)/(-32) + (-4)/(-16). What is the highest common divisor of 132 and v?
12
Let o(g) = 2*g**2 - 16*g + 12. Let p be o(11). Suppose -3*h = -2*f - 47, -27 = -3*h - f - 2*f. What is the highest common divisor of h and p?
13
Let a be (-27)/((-8)/6 + 5/15). What is the greatest common divisor of 3 and a?
3
Suppose -4*i = -5*i + 81. Let s = 13 + -4. What is the greatest common factor of s and i?
9
Let k(s) = 5*s + 10. Let h be k(-4). Let z = h + 28. What is the highest common divisor of 90 and z?
18
Let n be (-10)/(-2)*248/10. Suppose 4*y + 362 - 34 = 0. Let f = y + n. What is the greatest common factor of 105 and f?
21
Let d be 220/18 - (0 - 6/(-27)). What is the highest common factor of d and 108?
12
Let f be (-70)/(-6) - 44/66. Let u(r) = -2*r**3 - 4*r**2 + 4*r + 2. Let k be u(-5). Suppose 2*v + 0*v = k. Calculate the greatest common factor of f and v.
11
Let s = -64 - -76. What is the greatest common factor of 9 and s?
3
Let q be 21/6*20/7. What is the greatest common divisor of q and 10?
10
Suppose 0 = 5*o + 3*f - 206, 4*o = 4*f + f + 150. Suppose v = 6*v - o. What is the greatest common divisor of 4 and v?
4
Let y be (-157)/(-5) - (-9)/15. Calculate the highest common divisor of y and 8.
8
Let m(q) = -q**3 - 5*q**2 - 8*q - 10. Let o be m(-7). Calculate the greatest common divisor of o and 16.
16
Let w(v) = v**3 + 5*v**2 + 3*v + 5. Let x be w(-4). Let a = x + -2. Suppose -z + 1 + 6 = 0. Calculate the greatest common divisor of z and a.
7
Suppose 0*y + y = -5*j + 54, j + y = 10. What is the highest common factor of 176 and j?
11
Let j(f) = -f**2 + f + 57. Let s be j(0). Suppose s = 3*d + 3*b, 4*b + 18 = -2*d + 66. Calculate the highest common divisor of d and 98.
14
Suppose -2*u + 118 = -4*l - 0*l, -275 = -4*u - 5*l. Suppose u = 4*r - 39. What is the greatest common factor of 39 and r?
13
Suppose -4*a = 9 - 25, 16 = 4*w + a. Suppose 0 = -t + w*d + 127, -5 = -0*d + d. Let i be -1 + 2 - 1*-13. Calculate the greatest common factor of i and t.
14
Suppose -23 = c - 83. Suppose 2*b = 7*b - 120. Calculate the highest common divisor of c and b.
12
Let t be (-4 + 2 + 3)*103. Suppose -4*x = -u - 49, 5*x + 2*u + 32 - t = 0. What is the greatest common divisor of x and 143?
13
Suppose -r + 3 = 0, -2*o = -3*o - 3*r + 159. Calculate the highest common factor of 15 and o.
15
Let c(s) = s + 2. Let g be c(7). Suppose g = 5*o - 6. Let y be 4*o/(-15)*-15. Calculate the highest common divisor of 18 and y.
6
Let i be -1*0*4/12. Let q be (30 - i)*(-6)/(-5). What is the greatest common divisor of 24 and q?
12
Let v be (3/2)/((-6)/(-16)). Let z be (-7 - -6)/((-2)/v). Suppose -z*q + 9 = -5. Calculate the highest common factor of 63 and q.
7
Let v be 4 + -2 + -3 + (0 - -30). Calculate the greatest common factor of 145 and v.
29
Let o(g) = g + 9. Let u be o(7). Calculate the greatest common factor of 176 and u.
16
Let f be (-16)/(-40) + (-396)/(-10). Calculate the greatest common factor of f and 8.
8
Let g(z) = 2*z**3 + 6*z**2 - 5*z - 4. Let a be g(4). Calculate the highest common divisor of a and 25.
25
Let f = 31 + -12. What is the highest common divisor of 190 and f?
19
Let l be (4 + -1)/((-1)/(-1)). Calculate the greatest common divisor of l and 9.
3
Suppose 0 = -20*f + 11*f + 99. Calculate the highest common divisor of f and 22.
11
Let a = -17 - -22. Let s be (-238)/(-6) - 8/(-24). Calculate